 441 a factor of 2074023?
True
Does 967 divide 3537697?
False
Is 77506 a multiple of 22?
True
Is 6 a factor of 1232976?
True
Is 1523563 a multiple of 13?
False
Does 12 divide 1238616?
True
Does 101 divide 66774?
False
Does 87 divide 221704?
False
Is 597 a factor of 345556?
False
Is 151885 a multiple of 37?
True
Does 67 divide 280596?
True
Is 1249103 a multiple of 241?
True
Does 10 divide 88410?
True
Is 1019790 a multiple of 162?
True
Is 106 a factor of 1459444?
False
Does 332 divide 710060?
False
Is 952794 a multiple of 43?
True
Does 3 divide 2198990?
False
Is 8 a factor of 1327879?
False
Is 5530590 a multiple of 377?
True
Is 38 a factor of 89376?
True
Is 273 a factor of 14514045?
True
Is 6873812 a multiple of 28?
False
Is 23 a factor of 60718?
False
Is 10 a factor of 1284360?
True
Does 77 divide 57904?
True
Is 9175397 a multiple of 203?
True
Is 2 a factor of 29267?
False
Is 528594 a multiple of 66?
True
Is 2811215 a multiple of 395?
True
Is 11 a factor of 2655818?
True
Does 14 divide 213229?
False
Does 55 divide 229625?
True
Does 19 divide 5179?
False
Does 9 divide 104154?
False
Does 1506 divide 12306606?
False
Is 5478356 a multiple of 26?
True
Is 72 a factor of 105821?
False
Is 403385 a multiple of 88?
False
Is 979853 a multiple of 11?
False
Does 102 divide 6290?
False
Does 83 divide 882575?
False
Does 9 divide 778707?
True
Is 162 a factor of 1133352?
True
Is 2672656 a multiple of 196?
True
Is 50071 a multiple of 20?
False
Does 120 divide 132000?
True
Is 12 a factor of 519876?
True
Is 4262507 a multiple of 75?
False
Is 302764 a multiple of 112?
False
Is 37908 a multiple of 162?
True
Is 1310068 a multiple of 28?
False
Does 4 divide 195800?
True
Is 806 a factor of 6932406?
True
Does 13 divide 1714218?
False
Is 246 a factor of 9712080?
True
Is 3155409 a multiple of 27?
True
Is 93791 a multiple of 61?
False
Is 441351 a multiple of 68?
False
Is 5091970 a multiple of 115?
True
Is 5973 a multiple of 28?
False
Is 23 a factor of 38806?
False
Is 26 a factor of 6950682?
False
Is 44 a factor of 2170706?
False
Does 146 divide 202648?
True
Is 1523 a factor of 12309320?
False
Does 430 divide 566310?
True
Does 22 divide 10360438?
True
Is 129483 a multiple of 9?
True
Is 113037 a multiple of 41?
True
Does 38 divide 710865?
False
Does 10 divide 2468430?
True
Does 24 divide 10272?
True
Does 620 divide 505920?
True
Does 23 divide 1768507?
False
Is 1158 a factor of 5575770?
True
Does 8 divide 1072675?
False
Is 2206 a factor of 12298314?
False
Is 306720 a multiple of 216?
True
Does 4 divide 739796?
True
Is 121 a factor of 574504?
False
Does 24 divide 256810?
False
Is 426 a factor of 1628244?
False
Is 5237060 a multiple of 20?
True
Is 110318 a multiple of 70?
False
Is 255 a factor of 3918870?
False
Does 815 divide 1810930?
True
Is 18 a factor of 129625?
False
Does 34 divide 67966?
True
Is 189890 a multiple of 34?
True
Is 312 a factor of 82878?
False
Is 27396821 a multiple of 1657?
False
Does 17 divide 43248?
True
Is 8 a factor of 555848?
True
Is 87152 a multiple of 419?
True
Does 582 divide 2408898?
True
Does 156 divide 5793570?
False
Is 185878 a multiple of 187?
True
Does 283 divide 74020?
False
Is 219 a factor of 1194537?
False
Is 25 a factor of 2740775?
True
Does 7 divide 16823?
False
Does 22 divide 124036?
True
Does 68 divide 427652?
True
Does 109 divide 132435?
True
Is 1723637 a multiple of 49?
False
Does 20 divide 559820?
True
Does 527 divide 2144363?
True
Is 612 a factor of 1176264?
True
Is 5215392 a multiple of 26?
True
Does 16 divide 652827?
False
Does 243 divide 12681?
False
Does 10 divide 9630?
True
Is 2 a factor of 5032362?
True
Is 1210097 a multiple of 503?
False
Is 66 a factor of 5989988?
False
Does 58 divide 196794?
True
Is 1856988 a multiple of 84?
True
Does 31 divide 1596827?
False
Is 615130 a multiple of 92?
False
Is 107 a factor of 26750?
True
Is 195612 a multiple of 6?
True
Is 658137 a multiple of 103?
False
Does 231 divide 72227?
False
Does 15 divide 15780?
True
Is 14772 a multiple of 91?
False
Does 371 divide 683011?
True
Is 52 a factor of 773916?
True
Does 3 divide 300784?
False
Does 25 divide 591500?
True
Is 9 a factor of 576508?
False
Is 11 a factor of 203803?
False
Does 406 divide 1105047?
False
Does 10 divide 561840?
True
Is 744339 a multiple of 7?
False
Is 5964326 a multiple of 37?
True
Does 68 divide 398792?
False
Is 10 a factor of 72832?
False
Is 22 a factor of 199892?
True
Is 39 a factor of 25219560?
False
Is 10 a factor of 72018?
False
Is 398696 a multiple of 43?
True
Does 267 divide 5417465?
False
Is 16 a factor of 2055936?
True
Does 97 divide 10573?
True
Is 741840 a multiple of 30?
True
Is 54 a factor of 1594890?
True
Does 17 divide 4743170?
True
Is 5843704 a multiple of 353?
False
Is 4068 a multiple of 12?
True
Is 184312 a multiple of 197?
False
Is 15 a factor of 1852592?
False
Is 18 a factor of 148456?
False
Does 46 divide 189416?
False
Is 768492 a multiple of 18?
True
Is 110608 a multiple of 124?
True
Is 622698 a multiple of 423?
False
Does 19 divide 147725?
True
Does 12 divide 201816?
True
Is 2015991 a multiple of 40?
False
Is 43 a factor of 14628362?
False
Is 16 a factor of 1241152?
True
Is 12392995 a multiple of 180?
False
Does 24 divide 23880?
True
Is 338548 a multiple of 214?
True
Does 6 divide 691959?
False
Is 8 a factor of 1647528?
True
Is 22736314 a multiple of 13?
False
Is 14 a factor of 9687604?
False
Does 155 divide 1775382?
False
Is 3 a factor of 30838?
False
Is 2150703 a multiple of 3?
True
Does 72 divide 43595?
False
Is 39 a factor of 8190?
True
Does 595 divide 120190?
True
Does 79 divide 82479?
False
Is 22 a factor of 2667957?
False
Is 437190 a multiple of 247?
True
Is 64 a factor of 4985839?
False
Is 123604 a multiple of 13?
True
Is 205 a factor of 7370160?
True
Is 66951 a multiple of 18?
False
Is 119861 a multiple of 18?
False
Is 15 a factor of 1392388?
False
Is 41 a factor of 44567?
True
Is 939 a factor of 9166518?
True
Is 13 a factor of 111995?
True
Is 114 a factor of 848636?
False
Is 20 a factor of 1164540?
True
Is 8 a factor of 3582616?
True
Does 278 divide 16463?
False
Does 34 divide 314164?
False
Does 10 divide 142050?
True
Is 91892 a multiple of 8?
False
Does 11 divide 2308287?
False
Does 7 divide 178336?
False
Is 17476 a multiple of 10?
False
Is 13 a factor of 128583?
True
Is 82 a factor of 46683?
False
Does 11 divide 9209505?
False
Is 217294 a multiple of 34?
True
Does 84 divide 497280?
True
Is 11413510 a multiple of 10?
True
Does 73 divide 168712?
False
Is 145678 a multiple of 16?
False
Does 29 divide 58812?
True
Does 20 divide 647486?
False
Is 16 a factor of 491136?
True
Does 10 divide 125200?
True
Does 142 divide 260854?
True
Is 9 a factor of 2524012?
False
Does 75 divide 11296?
False
Does 24 divide 7620?
False
Is 16497 a multiple of 47?
True
Does 43 divide 6736337?
True
Is 1493162 a multiple of 134?
True
Is 570469 a multiple of 277?
False
Is 132 a factor of 648818?
False
Is 67 a factor of 553152?
True
Does 349 divide 805313?
False
Does 285 divide 20408850?
True
Does 214 divide 111563?
False
Does 52 divide 67999?
False
Does 53 divide 100700?
True
Is 3419176 a multiple of 124?
True
Is 63 a factor of 130321?
False
Is 78 a factor of 214578?
True
Does 29 divide 75284?
True
Does 4 divide 90187?
False
Is 54491 a multiple of 33?
False
Is 841126 a multiple of 442?
True
Is 47 a factor of 1300003?
False
Is 17472 a multiple of 32?
True
Is 1346402 a multiple of 106?
False
Is 29 a factor of 84674?
False
Is 15 a factor of 407538?
False
Is 15 a factor of 440713?
False
Does 46 divide 96775?
False
Is 8 a factor of 1389874?
False
Does 196 divide 158157?
False
Does 459 divide 7912242?
True
Does 641 divide 11690558?
True
Is 316230 a multiple of 498?
True
Is 5978163 a multiple of 13?
False
Does 777 divide 9365472?
False
Is 10 a factor of 105573?
False
Is 294405 a multiple of 72?
False
Is 36 a factor of 6223638?
False
Is 172 a factor of 7012462?
False
Does 85 divide 3319335?
True
Is 198 a factor of 329664?
False
Is 404 a factor of 100596?
True
Is 14073388 a multiple of 28?
True
Does 20 divide 53840?
True
Does 367 divide 137780?
False
Does 43 divide 8127?
True
Does 266 divide 214305?
False
Is 169 a factor of 10111518?
False
Does 40 divide 2957795?
False
Is 23 a factor of 4788?
False
Does 531 divide 17576100?
True
Is 1